*2 - o - 1. Let d(b) = -c(b) - 4*v(b). Is d(14) prime?
False
Let z be ((-5643)/(-44))/((-14)/8 + 2). Suppose 3*l = -b + 2*l + z, -2*l + 517 = b. Is b composite?
False
Suppose -12*o - 14*o + 190346 = 0. Is o prime?
True
Let k(q) = 5*q - 7. Let h be k(3). Suppose 3*i - h*i = 5*a - 585, -5*i + 471 = 4*a. Suppose 1055 = 5*x + 5*b, 0 = -x - 3*b + 93 + a. Is x a prime number?
False
Let a(j) = -j**3 + 7*j**2 + 10*j - 11. Let n be a(8). Suppose -b + n*k + 99 = 0, 0 = 5*b - 2*k - 201 - 386. Suppose 148 = 3*o - b. Is o a prime number?
True
Let p(z) = z - 1. Let q be p(1). Suppose 5*k - 16 - 14 = q. Suppose k*f - 1473 = 3*f - 3*d, 4*f - d = 1974. Is f a prime number?
False
Let u(l) = 4372*l**2 + 23*l + 24. Is u(-1) composite?
False
Suppose -5*p + 7 = -2*h + 2, p = -3*h + 18. Suppose 3*t + 2*m = t - 12, 22 = -h*t - 3*m. Is t/11 + (-23346)/(-22) prime?
True
Let f(t) = 11238*t**3 + 2*t**2 - t. Is f(1) composite?
False
Suppose -23*u + 25*u - 9826 = -2*g, -3*g + 14755 = -5*u. Is g composite?
True
Is (-121771)/(-190) + ((-18)/20 - -1) a composite number?
False
Is 3/5 + (-15637950)/(-1125) composite?
False
Is 0 + (7 - 1 - -94403) a prime number?
False
Suppose x + 3 = -3*s, 4*s - s = -3. Let z be (-2)/(x - 8/5724). Let q = 2102 - z. Is q composite?
True
Let o(v) = v + 140. Is o(15) a composite number?
True
Let z(w) = -2*w - 5. Let a be z(-4). Suppose -557 = -2*j - 2*f + 385, 5*j + a*f = 2345. Is j prime?
False
Suppose -2*u + 35*p = 31*p - 106998, -u + 4*p + 53489 = 0. Is u a composite number?
True
Let j be (-8)/(-10)*(63/6 + -3). Let x = j - -85. Is x a prime number?
False
Let v(k) = 225*k**2 - k - 7. Is v(-8) composite?
False
Suppose -5*g + 3874 = b - 4*g, -5*b + 19376 = 3*g. Is b a composite number?
False
Suppose 5*j + 2*l - 4 = l, 2*j - 12 = -3*l. Suppose 0 = -j*w + 3*w - 27. Is -3*(-3)/(w/53) composite?
False
Let w(j) = -4*j**2 + 82*j - 11. Is w(14) a composite number?
False
Let m(n) = -2473*n + 9. Let g be m(-5). Is 7/(-42) + g/12 composite?
False
Let h(l) = -l**2 + 5*l + 4. Let q be h(5). Let a be 0 + (1 - -1) - 0. Suppose -q*x = -5*t - 415 + 74, -a*x - 3*t + 187 = 0. Is x a composite number?
False
Suppose -39*z - 5*q = -42*z + 16016, 3*q - 21403 = -4*z. Is z prime?
True
Let o(l) = l**2 - 9*l + 5. Let v be o(5). Let n = 26 - -2. Let p = v + n. Is p composite?
False
Let g(c) = c**3 + 8*c**2 - 8*c + 10. Let d be g(-9). Is 23/((-2)/(-3 + d)) prime?
True
Suppose -16 = -3*f - 1. Suppose -2*c = -f*g - 727 - 652, 2*c - 4*g = 1382. Is c prime?
False
Let b(k) = k**3 + 23*k**2 + 4*k + 11. Is b(-18) prime?
True
Let k = -21 - -26. Suppose -32 = -5*m - j, m + k*j - 1 = -9. Is m composite?
False
Is (8/(-10))/(9/(-45)) - -1945 a composite number?
False
Let w(d) = 339*d**2 - 3*d - 9. Let j(m) = 170*m**2 - m - 4. Let n(c) = 5*j(c) - 2*w(c). Is n(-3) composite?
False
Is 7/14 - (-79110)/12 composite?
True
Suppose 0 - 4 = -4*k. Suppose -2*h = -6*h + 4. Is (-1)/(h/(-127)*k) a composite number?
False
Let m(q) = -q**3 + 7*q**2 - 7*q. Let d be m(6). Let f be (d + 12)*(-2)/(-3). Suppose 249 = 7*z - f*z. Is z a prime number?
True
Let k(q) = 63*q - 134. Is k(17) a composite number?
False
Let m(p) = -p**2 + 4*p - 2. Suppose 5*x + 5 - 15 = 0. Let d be m(x). Is 1253/14 + (-1)/d a prime number?
True
Let i(j) = 5450*j**2 - 3*j - 4. Is i(-1) a composite number?
False
Let k(h) = -h**3 + 2*h**2 - 3*h - 3. Let r be 16/32 - (-38)/(-4). Let u be k(r). Let b = u + -362. Is b a prime number?
False
Let y(c) = 1278*c - 223. Is y(11) a composite number?
True
Let b(d) = d**3 - 14*d + 9. Is b(7) composite?
True
Let d(q) = q**3 - 12*q + 148. Is d(7) a prime number?
False
Let c(a) = 26369*a**2 + 33*a - 31. Is c(1) a prime number?
True
Let a(z) = -z. Let t be a(0). Suppose t = 6*s - 408 + 66. Is s a composite number?
True
Let v = 112 - -78. Suppose -t = t - v. Is t + 4/8*0 prime?
False
Suppose 5*w - 3*f = 6678, -3*f - 2 + 14 = 0. Let u = w + -187. Is u a prime number?
True
Let l(d) = d**2 - 15*d + 17. Let p be l(13). Is p/(-15) - (-996)/15 a prime number?
True
Let x(b) = b**2 - 5*b + 8. Let v be x(6). Let s = v - 10. Is (4460/(-30))/(s/(-6)) prime?
True
Suppose -91*t = -90*t - 2161. Is t a composite number?
False
Let u(g) = 1239*g**2 - 27*g - 113. Is u(-4) a prime number?
True
Let b = 2613 - -2144. Suppose -3104 = -7*v + b. Is v prime?
True
Suppose 81 = -3*i + 3*d, -3*i + 5*d - 90 = -17. Let y = 37 + i. Suppose 8*q - y*q = 614. Is q a composite number?
False
Let k = -2263 - -4280. Is k a prime number?
True
Suppose 51*f - 15193 = 50*f. Is f a composite number?
False
Suppose -s = -2*j - 18777, -9*s = -10*s - 3*j + 18802. Is s prime?
True
Let m be (-16)/(6 + -2) - -960. Let n be (-4 - (-17)/4)*m. Let l = n - 156. Is l a composite number?
False
Let r = -10 + 12. Suppose 3 = 2*i + 5, r*a + 2*i = 0. Is (-1)/(a/(-74)*2) prime?
True
Let a = -3951 - -5642. Is a composite?
True
Suppose -3*b + 3029 = -7444. Is b composite?
False
Let n(x) = x + 23. Let g be n(-20). Suppose -g*m = -2*m - 3*j - 62, 4*m - 4*j = 288. Is m a prime number?
False
Let b = 5058 - -24605. Is b a composite number?
False
Let f = 980 - -263. Is f a prime number?
False
Suppose 0 = -m - 2*y - 858 + 15665, -44406 = -3*m - 3*y. Is m prime?
True
Suppose -233*h + 38648 = 4*k - 237*h, k - 4*h = 9665. Is k a composite number?
False
Let z(f) = f - 5. Let y be z(0). Let o be 1*-6 - -3 - y. Suppose 0 = -4*j + 5*d + 1921, -o*j - 5*d + 2390 = 3*j. Is j a composite number?
False
Suppose 2*h = -5*i + 20, 3*i - 39 + 13 = -4*h. Suppose 0 = -0*t - 3*t - h*s + 5, -s = 3*t - 1. Suppose -3*a = t, -4*a + 39 = f - 0*a. Is f prime?
False
Suppose 3*o - 8 - 1 = 0. Suppose -u - 3*u + o*l = -2269, 0 = u + 3*l - 556. Is u prime?
False
Suppose 981 = 3*r + 4*g - 7*g, 0 = 3*r - 4*g - 985. Is r a composite number?
True
Let z = 2871 + 12280. Is z prime?
False
Let y(s) = -16*s + 5153. Is y(0) a composite number?
False
Suppose -2*z = 5*d - 1270, -4*d + 2*d = 4*z - 492. Suppose -d - 1973 = -3*p. Is p a prime number?
True
Is (11138*1/(-3))/(4/(-6)) composite?
False
Let z = -732 - -1105. Is z a composite number?
False
Let i(v) = 197*v**2 + v + 5. Is i(3) a composite number?
True
Suppose 3*b + 3*s = 12564, 5*b + 5*s = 9*b - 16797. Is b a prime number?
False
Let l be (7 - 2) + (-10)/5. Suppose -5*t - 172 = -z, l*t + t = -z + 190. Suppose 0 = -3*y, -z = -2*u - 3*y - 28. Is u a composite number?
True
Is (7 - -3 - -36963)*(-1)/(-1) composite?
False
Is (-2)/(-4) - (-823959)/54 a composite number?
False
Is (-1)/3 + (-84429)/(-81) a prime number?
False
Let d be (157 + 0)/(19/38). Is (d/8)/(5/20) composite?
False
Let n = -19 - -31. Suppose -3*l = -0 - n. Suppose 3*f - 5*x = 409, -4*f - 209 + 797 = l*x. Is f composite?
True
Let i(t) = 81*t**2 - 3*t + 1. Suppose 2*d = 6*d - 4. Let s = 3 - d. Is i(s) a prime number?
False
Let f be (348/15)/(1/(-5)). Let i be (-8)/(-28) - f/(-14). Is (-4425)/(-21) - i/28 composite?
False
Let g = -4 - 10. Let q = g - -12. Let z(n) = -9*n**3 + 3*n**2 + 2*n + 3. Is z(q) a composite number?
False
Is (-347 - -350) + (1 - -13807 - 0) composite?
True
Let i(n) = 19*n**2 - 8*n + 1. Let c be i(4). Let u be 4 + c/3 + 2. Let p = u - -46. Is p composite?
True
Let y(n) = 3*n - 4*n + 3 - 1. Let g(i) = -6*i + 10. Let f(l) = -3*g(l) + 16*y(l). Is f(2) a prime number?
False
Suppose 2*i + 3*i = g + 2338, -5*g - 2*i - 11690 = 0. Let l be (-9)/(-18) - g/4. Let q = -142 + l. Is q a prime number?
True
Suppose 218647 = 47*t - 321712. Is t a composite number?
False
Let s be (234/24)/((-3)/(-4)). Suppose 17*n = s*n + 8. Suppose 0 = -n*c + 7*c - 3155. Is c prime?
True
Suppose v - 27673 = 4*n, 93643 + 44786 = 5*v - 4*n. Is v a composite number?
False
Suppose -j - 2*c = -3*c - 50740, 4*j - 202965 = -c. Is j a prime number?
True
Suppose 0 = 3*k - 590 - 28. Suppose -2*p = -548 - k. Is p prime?
False
Let b be -12*-315*3/6. Suppose -b = -3*z - j, -1255 = -4*z + 2*z + j. Is z composite?
True
Is (61604/(-24))/((-8)/48) prime?
True
Suppose -2*m - 4*m - 30 = 0. Let u(r) = -r**3 - 2*r**2 - 8*r - 6. Let h(l) = l**3 + 2*l**2 + 8*l + 5. Let a(t) = m*h(t) - 4*u(t). Is a(-6) prime?
True
Suppose -3*d + n + 29 = 0, 3*n = -d + n + 19. Let t = 11 - d. Suppose -8*y + 4*y + 2212 = t. Is y a composite number?
True
Suppose 3*g - 886 - 377 = 3*x, -2*g - 5*x + 828 = 0. Is g composite?
False
Suppose 0 = -5*c +